{"id":602,"date":"2025-12-06T17:03:00","date_gmt":"2025-12-06T15:03:00","guid":{"rendered":"https:\/\/scoalagerota.ro\/?page_id=602"},"modified":"2025-12-06T17:03:00","modified_gmt":"2025-12-06T15:03:00","slug":"a-window-to-europe-through-a-big-digital-screen","status":"publish","type":"page","link":"https:\/\/scoalagerota.ro\/index.php\/proiecte\/a-window-to-europe-through-a-big-digital-screen\/","title":{"rendered":"A Window to Europe Through a Big Digital Screen"},"content":{"rendered":"<p><!doctype html><br \/>\n<html lang=\"ro\"><br \/>\n<head><br \/>\n  <meta charset=\"utf-8\"><br \/>\n  <meta name=\"viewport\" content=\"width=device-width,initial-scale=1\"><br \/>\n  <title>A Window to Europe Through a Big Digital Screen: Our Shared Story in the World of eTwinning \/ O fereastr\u0103 c\u0103tre Europa \u2014 Povestea noastr\u0103 comun\u0103 \u00een lumea eTwinning<\/title><\/p>\n<style>\n    :root{--bg:#faf9f7;--card:#ffffff;--accent:#2b6ea3;--muted:#6b7280}\n    body{font-family: Georgia, 'Times New Roman', serif; background:var(--bg); color:#111; margin:0; padding:40px}\n    .container{max-width:960px;margin:0 auto}\n    article.card{background:var(--card);border-radius:12px;box-shadow:0 8px 30px rgba(13,38,63,0.08);padding:36px}\n    header h1{margin:0 0 8px;font-size:28px;color:var(--accent)}\n    header p.lead{margin:0 0 20px;color:var(--muted);font-style:italic}\n    .meta{display:flex;gap:12px;flex-wrap:wrap;margin-bottom:20px}\n    .meta span{background:#eef6ff;padding:6px 10px;border-radius:999px;font-size:13px;color:var(--accent)}\n    section p{line-height:1.65;margin:0 0 14px}\n    .countries{display:grid;grid-template-columns:repeat(auto-fit,minmax(220px,1fr));gap:8px;margin-top:12px}\n    .country{background:#f8fafc;border-radius:8px;padding:10px;font-size:14px;color:#0f172a}\n    footer{border-top:1px solid #eef2f7;margin-top:22px;padding-top:18px;color:var(--muted);font-size:14px}\n    @media (max-width:520px){body{padding:20px}header h1{font-size:22px}}\n  <\/style>\n<p><\/head><br \/>\n<body><\/p>\n<div class=\"container\">\n<article class=\"card\" aria-labelledby=\"title\">\n<header>\n <img loading=\"lazy\" decoding=\"async\" src=\"https:\/\/scoalagerota.ro\/wp-content\/uploads\/2025\/09\/Captura-de-ecran-din-2025-09-28-la-16.29.59.png\" alt=\"A Window to Europe Through a Big Digital Screen: Our Shared Story in the World of eTwinning\" width=\"600\" height=\"400\"><\/p>\n<h1 id=\"title\">O fereastr\u0103 c\u0103tre Europa printr-un ecran digital mare: Povestea noastr\u0103 comun\u0103 \u00een lumea eTwinning<\/h1>\n<p class=\"lead\">Clubul eTwinning al \u0219colii noastre \u2014 o experien\u021b\u0103 interna\u021bional\u0103 de \u00eenv\u0103\u021bare \u0219i crea\u021bie digital\u0103<\/p>\n<div class=\"meta\">\n          <span>Coordonator: Moise Stela<\/span><br \/>\n          <span>Proiect interna\u021bional<\/span>\n        <\/div>\n<\/header>\n<section>\n<p>\n          Clubul eTwinning al \u0219colii noastre, moderat de <strong>Moise Stela<\/strong>, ofer\u0103 elevilor o experien\u021b\u0103 interna\u021bional\u0103 de \u00eenv\u0103\u021bare prin participarea la proiectul <em>\u201eO fereastr\u0103 c\u0103tre Europa printr-un ecran digital mare: Povestea noastr\u0103 comun\u0103 \u00een lumea eTwinning\u201d<\/em>.\n        <\/p>\n<p>\n          \u00cen cadrul acestui proiect, elevii \u00ee\u0219i vor dezvolta competen\u021bele digitale utiliz\u00e2nd instrumente Web 2.0 \u0219i vor produce con\u021binut creativ \u0219i original. Prin lucru \u00een echip\u0103 \u0219i colaborare, vor crea produse digitale comune, vor exersa metoda \u00eenv\u0103\u021b\u0103rii bazate pe proiecte \u0219i vor avea oportunitatea de a explora diversitatea cultural\u0103 prin \u00eent\u00e2lniri online cu colegi din \u00eentreaga Europ\u0103.\n        <\/p>\n<p>\n          Proiectul reune\u0219te mai multe \u021b\u0103ri participante \u0219i va contribui la dezvoltarea at\u00e2t a abilit\u0103\u021bilor academice, c\u00e2t \u0219i a celor sociale ale elevilor. Partenerii provin dintr-o varietate de medii culturale, fapt care \u00eembog\u0103\u021be\u0219te schimbul de idei \u0219i \u00eencurajeaz\u0103 toleran\u021ba \u0219i \u00een\u021belegerea intercultural\u0103.\n        <\/p>\n<h3>\u021a\u0103ri participante (num\u0103r de unit\u0103\u021bi implicate)<\/h3>\n<div class=\"countries\" role=\"list\">\n<div class=\"country\">Italia (11)<\/div>\n<div class=\"country\">Turcia (10)<\/div>\n<div class=\"country\">Grecia (6)<\/div>\n<div class=\"country\">Rom\u00e2nia (5)<\/div>\n<div class=\"country\">Fran\u021ba (5)<\/div>\n<div class=\"country\">Ucraina (4)<\/div>\n<div class=\"country\">Portugalia (3)<\/div>\n<div class=\"country\">Spania (3)<\/div>\n<div class=\"country\">Croa\u021bia (2)<\/div>\n<div class=\"country\">Polonia (2)<\/div>\n<div class=\"country\">Belgia (2)<\/div>\n<div class=\"country\">Macedonia de Nord (2)<\/div>\n<div class=\"country\">Lituania (2)<\/div>\n<div class=\"country\">Tunisia (1)<\/div>\n<div class=\"country\">Armenia (1)<\/div>\n<div class=\"country\">Bulgaria (1)<\/div>\n<div class=\"country\">Muntenegru (1)<\/div>\n<div class=\"country\">Republica Moldova (1)<\/div>\n<div class=\"country\">Iordania (1)<\/div>\n<div class=\"country\">Republica Ceh\u0103 (1)<\/div>\n<div class=\"country\">Georgia (1)<\/div>\n<div class=\"country\">Estonia (1)<\/div>\n<div class=\"country\">Danemarca (1)<\/div>\n<div class=\"country\">Albania (1)<\/div>\n<div class=\"country\">Bosnia \u0219i Her\u021begovina (1)<\/div>\n<div class=\"country\">Ungaria (1)<\/div>\n<div class=\"country\">Suedia (1)<\/div>\n<div class=\"country\">Germania (1)<\/div>\n<div class=\"country\">Letonia (1)<\/div>\n<div class=\"country\">Serbia (1)<\/div>\n<\/p><\/div>\n<p>\n          Prin activit\u0103\u021bi practice, schimburi online, ateliere digitale \u0219i proiecte de crea\u021bie comun\u0103, elevii vor dob\u00e2ndi competen\u021be esen\u021biale pentru secolul XXI: comunicare digital\u0103, g\u00e2ndire critic\u0103, lucrul \u00een echip\u0103 \u0219i cet\u0103\u021benie digital\u0103.\n        <\/p>\n<p>\n          Invit\u0103m comunitatea \u0219colii \u2014 elevi, p\u0103rin\u021bi \u0219i cadre didactice \u2014 s\u0103 urm\u0103reasc\u0103 progresul proiectului \u0219i s\u0103 sus\u021bin\u0103 ini\u021biativele elevilor no\u0219tri. Rezultatele proiectului vor fi disponibile pe platformele eTwinning \u0219i pe site-ul \u0219colii.\n        <\/p>\n<\/section>\n<p><img loading=\"lazy\" decoding=\"async\" src=\"https:\/\/scoalagerota.ro\/wp-content\/uploads\/2025\/10\/Captura-de-ecran-din-2025-09-26-la-21.19.08.png\" alt=\"A Window to Europe Through a Big Digital Screen: Our Shared Story in the World of eTwinning\" width=\"600\" height=\"400\"><\/p>\n<footer>\n<div>Contact: <a href=\"mailto:etwinning@scoala-gerota.ro\">etwinning@scoala-gerota.ro<\/a> \u2022 Coordonator proiect: Moise Stela<\/div>\n<div style=\"margin-top:6px\">\u00a9 2025 \u0218coala Gimnazial\u0103 Constantin Gerot\u0103  \u2014 Clubul eTwinning<\/div>\n<\/footer>\n<\/article><\/div>\n<p><\/body><br \/>\n<\/html><\/p>\n","protected":false},"excerpt":{"rendered":"<p>A Window to Europe Through a Big Digital Screen: Our Shared Story in the World of eTwinning \/ O fereastr\u0103<\/p>\n<p><a href=\"https:\/\/scoalagerota.ro\/index.php\/proiecte\/a-window-to-europe-through-a-big-digital-screen\/\" class=\"more-link\">Continue reading<span class=\"screen-reader-text\">A Window to Europe Through a Big Digital Screen<\/span><\/a><\/p>\n","protected":false},"author":1,"featured_media":0,"parent":13,"menu_order":0,"comment_status":"closed","ping_status":"closed","template":"","meta":{"footnotes":""},"class_list":["post-602","page","type-page","status-publish","hentry"],"_links":{"self":[{"href":"https:\/\/scoalagerota.ro\/index.php\/wp-json\/wp\/v2\/pages\/602","targetHints":{"allow":["GET"]}}],"collection":[{"href":"https:\/\/scoalagerota.ro\/index.php\/wp-json\/wp\/v2\/pages"}],"about":[{"href":"https:\/\/scoalagerota.ro\/index.php\/wp-json\/wp\/v2\/types\/page"}],"author":[{"embeddable":true,"href":"https:\/\/scoalagerota.ro\/index.php\/wp-json\/wp\/v2\/users\/1"}],"replies":[{"embeddable":true,"href":"https:\/\/scoalagerota.ro\/index.php\/wp-json\/wp\/v2\/comments?post=602"}],"version-history":[{"count":1,"href":"https:\/\/scoalagerota.ro\/index.php\/wp-json\/wp\/v2\/pages\/602\/revisions"}],"predecessor-version":[{"id":603,"href":"https:\/\/scoalagerota.ro\/index.php\/wp-json\/wp\/v2\/pages\/602\/revisions\/603"}],"up":[{"embeddable":true,"href":"https:\/\/scoalagerota.ro\/index.php\/wp-json\/wp\/v2\/pages\/13"}],"wp:attachment":[{"href":"https:\/\/scoalagerota.ro\/index.php\/wp-json\/wp\/v2\/media?parent=602"}],"curies":[{"name":"wp","href":"https:\/\/api.w.org\/{rel}","templated":true}]}}